e number?
True
Is 281609 composite?
False
Is 10037 a composite number?
False
Is 1639 composite?
True
Is 1345 prime?
False
Is 413551 composite?
False
Is 62851 a composite number?
False
Is 103007 prime?
True
Is 157873 prime?
False
Is 1605035 prime?
False
Is 69587 a composite number?
True
Is 3991 a prime number?
False
Is 78191 a composite number?
False
Is 974189 a prime number?
True
Is 126193 a composite number?
True
Is 220945 prime?
False
Is 31313 prime?
False
Is 183871 prime?
True
Is 261583 a prime number?
False
Is 5071 composite?
True
Is 1199 prime?
False
Is 9023 prime?
False
Is 465259 prime?
True
Is 6319 a prime number?
False
Is 283631 prime?
True
Is 49363 a prime number?
True
Is 399307 a prime number?
False
Is 365483 a composite number?
True
Is 1017083 a prime number?
False
Is 42421 a composite number?
True
Is 12563 a composite number?
True
Is 6905 prime?
False
Is 43649 a prime number?
True
Is 154082 a prime number?
False
Is 16033 a prime number?
True
Is 2533 a prime number?
False
Is 5623 prime?
True
Is 314527 a prime number?
True
Is 190339 a composite number?
False
Is 70211 a prime number?
False
Is 471517 composite?
True
Is 6803 a prime number?
True
Is 42469 composite?
True
Is 1807457 composite?
True
Is 962503 composite?
False
Is 737 a prime number?
False
Is 17239 a composite number?
False
Is 8579 a composite number?
True
Is 3653 composite?
True
Is 311957 prime?
True
Is 12605 prime?
False
Is 51031 a prime number?
True
Is 35201 composite?
False
Is 5347 prime?
True
Is 1273603 composite?
True
Is 432517 a prime number?
False
Is 19083 composite?
True
Is 902423 prime?
False
Is 673963 prime?
False
Is 36997 prime?
True
Is 107949 composite?
True
Is 2426 a composite number?
True
Is 3787 a composite number?
True
Is 1385 prime?
False
Is 156287 composite?
True
Is 4553 a composite number?
True
Is 1167421 a prime number?
True
Is 4647 composite?
True
Is 1858091 prime?
True
Is 101843 a composite number?
True
Is 11801 composite?
False
Is 139717 prime?
False
Is 52489 a composite number?
False
Is 42079 prime?
False
Is 207007 composite?
True
Is 210557 composite?
False
Is 31687 composite?
False
Is 92761 a composite number?
False
Is 4195833 a prime number?
False
Is 2014093 a composite number?
True
Is 23011 a composite number?
False
Is 104053 a prime number?
True
Is 1109281 composite?
False
Is 59149 a prime number?
True
Is 9511 a composite number?
False
Is 110798 prime?
False
Is 153733 a prime number?
True
Is 16621 prime?
False
Is 68207 composite?
False
Is 10991 a prime number?
False
Is 147073 a composite number?
False
Is 114419 a prime number?
True
Is 12143 composite?
False
Is 2767561 prime?
True
Is 492991 prime?
False
Is 118639 a composite number?
True
Is 173347 a prime number?
True
Is 88303 composite?
True
Is 405913 composite?
True
Is 147835 composite?
True
Is 210523 prime?
True
Is 1831 a composite number?
False
Is 41887 a prime number?
True
Is 53569 prime?
True
Is 485497 composite?
False
Is 99647 composite?
True
Is 1759 a prime number?
True
Is 796683 composite?
True
Is 21653 a prime number?
False
Is 127583 a prime number?
True
Is 138379 a composite number?
True
Is 3427 composite?
True
Is 48863 composite?
True
Is 2492159 a prime number?
True
Is 39157 composite?
False
Is 403169 prime?
False
Is 7807 composite?
True
Is 1005761 a prime number?
True
Is 235 composite?
True
Is 733 prime?
True
Is 61955 a prime number?
False
Is 125653 a composite number?
True
Is 14981 a composite number?
True
Is 1025389 a composite number?
True
Is 498119 a prime number?
True
Is 15919 a prime number?
True
Is 47041 a prime number?
True
Is 15905 composite?
True
Is 73517 a prime number?
True
Is 79571 a composite number?
True
Is 2411 prime?
True
Is 6779 composite?
False
Is 42587 a composite number?
True
Is 167953 composite?
False
Is 16681 a composite number?
True
Is 2707 a prime number?
True
Is 74411 composite?
False
Is 59587 composite?
True
Is 29753 composite?
False
Is 272621 composite?
False
Is 98773 a composite number?
False
Is 270653 a composite number?
False
Is 53513 a composite number?
True
Is 20369 a composite number?
False
Is 12773 a prime number?
False
Is 16273 a composite number?
False
Is 4269 a composite number?
True
Is 96839 composite?
True
Is 5557 prime?
True
Is 11273 prime?
True
Is 28471 prime?
False
Is 190489 composite?
True
Is 30757 prime?
True
Is 4584091 composite?
True
Is 18674 composite?
True
Is 2361 prime?
False
Is 46399 a prime number?
True
Is 287669 composite?
False
Is 40477 prime?
False
Is 1728113 prime?
False
Is 1121 a composite number?
True
Is 2741 prime?
True
Is 4711 a composite number?
True
Is 33659 prime?
False
Is 19777 prime?
True
Is 2371 composite?
False
Is 49934 a prime number?
False
Is 61715 a prime number?
False
Is 901907 composite?
False
Is 110613 a prime number?
False
Is 20779 a prime number?
False
Is 180463 a composite number?
False
Is 9753 prime?
False
Is 10547 a composite number?
True
Is 18014 a composite number?
True
Is 37747 prime?
True
Is 82993 a prime number?
False
Is 61363 composite?
False
Is 7509 prime?
False
Is 1739 composite?
True
Is 22205 prime?
False
Is 16439 composite?
True
Is 519457 prime?
True
Is 15091 prime?
True
Is 81053 prime?
False
Is 5039 prime?
True
Is 48947 a composite number?
False
Is 1418713 composite?
True
Is 480803 composite?
False
Is 1103917 a prime number?
False
Is 2449 a composite number?
True
Is 10581 prime?
False
Is 39707 prime?
False
Is 41771 composite?
False
Is 25649 a prime number?
False
Is 156307 a composite number?
False
Is 41729 a prime number?
True
Is 1817931 a prime number?
False
Is 19997 prime?
True
Is 11537 composite?
True
Is 381 a composite number?
True
Is 8791 a prime number?
False
Is 328171 prime?
True
Is 51601 a composite number?
True
Is 11027 a composite number?
False
Is 13523 a composite number?
False
Is 37799 a prime number?
True
Is 32847 composite?
True
Is 5327 composite?
True
Is 356803 a composite number?
False
Is 49597 a prime number?
True
Is 52627 prime?
True
Is 15947 a prime number?
False
Is 4421 prime?
True
Is 194131 a composite number?
True
Is 23117 a prime number?
True
Is 127 a composite number?
False
Is 1003 prime?
False
Is 1207421 a composite number?
True
Is 67897 composite?
True
Is 16741 composite?
False
Is 236323 composite?
False
Is 174035 a composite number?
True
Is 224051 composite?
True
Is 2495 a composite number?
True
Is 18017 a prime number?
False
Is 445813 composite?
True
Is 834521 composite?
True
Is 115887 a composite number?
True
Is 23929 a composite number?
False
Is 54121 a composite number?
False
Is 6947 a prime number?
True
Is 27847 prime?
True
Is 29897 prime?
False
Is 118439 a composite number?
True
Is 2833 a prime number?
True
Is 182353 prime?
True
Is 75869 a composite number?
False
Is 2503 a composite number?
False
Is 189547 a prime number?
True
Is 182813 prime?
True
Is 120983 prime?
False
Is 3922403 composite?
False
Is 1518199 a composite number?
False
Is 239411 composite?
True
Is 113279 a composite number?
False
Is 652033 a prime number?
True
Is 67307 composite?
False
Is 427727 composite?
False
Is 64819 prime?
False
Is 38823 prime?
False
Is 33997 prime?
True
Is 9151 composite?
False
Is 668806 prime?
False
Is 422317 prime?
False
Is 378778 a composite number?
True
Is 813329 composite?
True
Is 22579 composite?
True
Is 1513 a composite number?
True
Is 4279 composite?
True
Is 3011 prime?
True
Is 71727 a composite number?
True
Is 1061 a composite number?
False
Is 156859 composite?
True
Is 167861 prime?
True
Is 24991 a prime number?
False
Is 2722 prime?
False
Is 54869 prime?
True
Is 14281 composite?
False
Is 2615183 composite?
False
Is 13373 composite?
True
Is 12053 prime?
False
Is 341 prime?
False
Is 58933 composite?
True
Is 70991 a composite number?
False
Is 41879 composite?
False
Is 126683 a prime number?
True
Is 72533 a prime number?
True
Is 277483 a composite number?
False
Is 2901 prime?
False
Is 1076755 a prime number?
False
Is 2605 composite?
True
Is 13171 composite?
False
Is 43671 prime?
False
Is 141761 prime?
True
Is 2999 prime?
True
Is 1531 prime?
True
Is 17903 prime?
True
Is 2455621 composite?
True
Is 3503 composite?
True
Is 48077 prime?
False
Is 441293 a prime number?
False
Is 320179 a composite number?
False
Is 5069 composite?
True
Is 11269 a prime number?
False
Is 17151